{"id":2,"date":"2019-01-08T12:21:14","date_gmt":"2019-01-08T12:21:14","guid":{"rendered":"http:\/\/zenex.fi\/uusi_tuki\/?page_id=2"},"modified":"2025-12-03T20:32:35","modified_gmt":"2025-12-03T18:32:35","slug":"sample-page","status":"publish","type":"page","link":"https:\/\/zenex.fi\/tuki\/","title":{"rendered":"Zenex tukisivut"},"content":{"rendered":"\t\t<div data-elementor-type=\"wp-post\" data-elementor-id=\"2\" class=\"elementor elementor-2\">\n\t\t\t\t\t\t<section class=\"elementor-section elementor-top-section elementor-element elementor-element-ff99786 elementor-section-boxed elementor-section-height-default elementor-section-height-default\" data-id=\"ff99786\" data-element_type=\"section\">\n\t\t\t\t\t\t<div class=\"elementor-container elementor-column-gap-default\">\n\t\t\t\t\t<div class=\"elementor-column elementor-col-100 elementor-top-column elementor-element elementor-element-6b84437\" data-id=\"6b84437\" data-element_type=\"column\">\n\t\t\t<div class=\"elementor-widget-wrap elementor-element-populated\">\n\t\t\t\t\t\t<div class=\"elementor-element elementor-element-bb76e45 elementor-widget elementor-widget-spacer\" data-id=\"bb76e45\" data-element_type=\"widget\" data-widget_type=\"spacer.default\">\n\t\t\t\t<div class=\"elementor-widget-container\">\n\t\t\t\t\t<div class=\"elementor-spacer\">\n\t\t\t<div class=\"elementor-spacer-inner\"><\/div>\n\t\t<\/div>\n\t\t\t\t<\/div>\n\t\t\t\t<\/div>\n\t\t\t\t\t<\/div>\n\t\t<\/div>\n\t\t\t\t\t<\/div>\n\t\t<\/section>\n\t\t\t\t<section class=\"elementor-section elementor-top-section elementor-element elementor-element-d960e77 elementor-section-boxed elementor-section-height-default elementor-section-height-default\" data-id=\"d960e77\" data-element_type=\"section\" data-settings=\"{&quot;background_background&quot;:&quot;classic&quot;}\">\n\t\t\t\t\t\t<div class=\"elementor-container elementor-column-gap-default\">\n\t\t\t\t\t<div class=\"elementor-column elementor-col-100 elementor-top-column elementor-element elementor-element-8231b28\" data-id=\"8231b28\" data-element_type=\"column\">\n\t\t\t<div class=\"elementor-widget-wrap elementor-element-populated\">\n\t\t\t\t\t\t<div class=\"elementor-element elementor-element-2a4c964 elementor-widget elementor-widget-image\" data-id=\"2a4c964\" data-element_type=\"widget\" data-widget_type=\"image.default\">\n\t\t\t\t<div class=\"elementor-widget-container\">\n\t\t\t\t\t\t\t\t\t\t\t\t\t<img fetchpriority=\"high\" decoding=\"async\" width=\"300\" height=\"213\" src=\"https:\/\/zenex.fi\/tuki\/wp-content\/uploads\/2019\/02\/zenex_tekninen_musta-300x213.png\" class=\"attachment-medium size-medium wp-image-994\" alt=\"\" srcset=\"https:\/\/zenex.fi\/tuki\/wp-content\/uploads\/2019\/02\/zenex_tekninen_musta-300x213.png 300w, https:\/\/zenex.fi\/tuki\/wp-content\/uploads\/2019\/02\/zenex_tekninen_musta-768x545.png 768w, https:\/\/zenex.fi\/tuki\/wp-content\/uploads\/2019\/02\/zenex_tekninen_musta-1024x726.png 1024w, https:\/\/zenex.fi\/tuki\/wp-content\/uploads\/2019\/02\/zenex_tekninen_musta.png 1200w\" sizes=\"(max-width: 300px) 100vw, 300px\" \/>\t\t\t\t\t\t\t\t\t\t\t\t\t<\/div>\n\t\t\t\t<\/div>\n\t\t\t\t\t<\/div>\n\t\t<\/div>\n\t\t\t\t\t<\/div>\n\t\t<\/section>\n\t\t\t\t<section class=\"elementor-section elementor-top-section elementor-element elementor-element-d57f21b elementor-section-stretched elementor-section-boxed elementor-section-height-default elementor-section-height-default\" data-id=\"d57f21b\" data-element_type=\"section\" data-settings=\"{&quot;stretch_section&quot;:&quot;section-stretched&quot;}\">\n\t\t\t\t\t\t<div class=\"elementor-container elementor-column-gap-default\">\n\t\t\t\t\t<div class=\"elementor-column elementor-col-100 elementor-top-column elementor-element elementor-element-4676f1f\" data-id=\"4676f1f\" data-element_type=\"column\">\n\t\t\t<div class=\"elementor-widget-wrap elementor-element-populated\">\n\t\t\t\t\t\t<div class=\"elementor-element elementor-element-a6b492d elementor-widget-divider--view-line elementor-widget elementor-widget-divider\" data-id=\"a6b492d\" data-element_type=\"widget\" data-widget_type=\"divider.default\">\n\t\t\t\t<div class=\"elementor-widget-container\">\n\t\t\t\t\t<div class=\"elementor-divider\">\n\t\t\t<span class=\"elementor-divider-separator\">\n\t\t\t\t\t\t<\/span>\n\t\t<\/div>\n\t\t\t\t<\/div>\n\t\t\t\t<\/div>\n\t\t\t\t\t<\/div>\n\t\t<\/div>\n\t\t\t\t\t<\/div>\n\t\t<\/section>\n\t\t\t\t<section class=\"elementor-section elementor-top-section elementor-element elementor-element-4f7161f elementor-section-boxed elementor-section-height-default elementor-section-height-default\" data-id=\"4f7161f\" data-element_type=\"section\">\n\t\t\t\t\t\t<div class=\"elementor-container elementor-column-gap-default\">\n\t\t\t\t\t<div class=\"elementor-column elementor-col-100 elementor-top-column elementor-element elementor-element-947bbfc\" data-id=\"947bbfc\" data-element_type=\"column\">\n\t\t\t<div class=\"elementor-widget-wrap elementor-element-populated\">\n\t\t\t\t\t\t<div class=\"elementor-element elementor-element-1762081 elementor-widget elementor-widget-image\" data-id=\"1762081\" data-element_type=\"widget\" data-widget_type=\"image.default\">\n\t\t\t\t<div class=\"elementor-widget-container\">\n\t\t\t\t\t\t\t\t\t\t\t\t\t<img decoding=\"async\" width=\"750\" height=\"102\" src=\"https:\/\/zenex.fi\/tuki\/wp-content\/uploads\/2025\/10\/PNG-2026-1024x139.png\" class=\"attachment-large size-large wp-image-2671\" alt=\"\" srcset=\"https:\/\/zenex.fi\/tuki\/wp-content\/uploads\/2025\/10\/PNG-2026-1024x139.png 1024w, https:\/\/zenex.fi\/tuki\/wp-content\/uploads\/2025\/10\/PNG-2026-300x41.png 300w, https:\/\/zenex.fi\/tuki\/wp-content\/uploads\/2025\/10\/PNG-2026-150x20.png 150w, https:\/\/zenex.fi\/tuki\/wp-content\/uploads\/2025\/10\/PNG-2026-768x104.png 768w, https:\/\/zenex.fi\/tuki\/wp-content\/uploads\/2025\/10\/PNG-2026-1536x208.png 1536w, https:\/\/zenex.fi\/tuki\/wp-content\/uploads\/2025\/10\/PNG-2026-2048x277.png 2048w\" sizes=\"(max-width: 750px) 100vw, 750px\" \/>\t\t\t\t\t\t\t\t\t\t\t\t\t<\/div>\n\t\t\t\t<\/div>\n\t\t\t\t<div class=\"elementor-element elementor-element-ddcadb4 elementor-widget elementor-widget-heading\" data-id=\"ddcadb4\" data-element_type=\"widget\" data-widget_type=\"heading.default\">\n\t\t\t\t<div class=\"elementor-widget-container\">\n\t\t\t<h2 class=\"elementor-heading-title elementor-size-default\"><b>Nyt suomenkielisen\u00e4!<\/b><\/h2>\t\t<\/div>\n\t\t\t\t<\/div>\n\t\t\t\t<div class=\"elementor-element elementor-element-c031a14 elementor-align-justify elementor-widget elementor-widget-button\" data-id=\"c031a14\" data-element_type=\"widget\" data-widget_type=\"button.default\">\n\t\t\t\t<div class=\"elementor-widget-container\">\n\t\t\t\t\t<div class=\"elementor-button-wrapper\">\n\t\t\t<a class=\"elementor-button elementor-button-link elementor-size-xl\" href=\"https:\/\/zenex.fi\/tuki\/index.php\/mastercam-2026\/\">\n\t\t\t\t\t\t<span class=\"elementor-button-content-wrapper\">\n\t\t\t\t\t\t\t\t\t<span class=\"elementor-button-text\">Siirry Mastercam 2026 lataussivustolle<\/span>\n\t\t\t\t\t<\/span>\n\t\t\t\t\t<\/a>\n\t\t<\/div>\n\t\t\t\t<\/div>\n\t\t\t\t<\/div>\n\t\t\t\t\t<\/div>\n\t\t<\/div>\n\t\t\t\t\t<\/div>\n\t\t<\/section>\n\t\t\t\t<section class=\"elementor-section elementor-top-section elementor-element elementor-element-0c96a23 elementor-section-stretched elementor-section-boxed elementor-section-height-default elementor-section-height-default\" data-id=\"0c96a23\" data-element_type=\"section\" data-settings=\"{&quot;stretch_section&quot;:&quot;section-stretched&quot;}\">\n\t\t\t\t\t\t<div class=\"elementor-container elementor-column-gap-default\">\n\t\t\t\t\t<div class=\"elementor-column elementor-col-100 elementor-top-column elementor-element elementor-element-d33940d\" data-id=\"d33940d\" data-element_type=\"column\">\n\t\t\t<div class=\"elementor-widget-wrap elementor-element-populated\">\n\t\t\t\t\t\t<div class=\"elementor-element elementor-element-a655ec7 elementor-widget-divider--view-line elementor-widget elementor-widget-divider\" data-id=\"a655ec7\" data-element_type=\"widget\" data-widget_type=\"divider.default\">\n\t\t\t\t<div class=\"elementor-widget-container\">\n\t\t\t\t\t<div class=\"elementor-divider\">\n\t\t\t<span class=\"elementor-divider-separator\">\n\t\t\t\t\t\t<\/span>\n\t\t<\/div>\n\t\t\t\t<\/div>\n\t\t\t\t<\/div>\n\t\t\t\t\t<\/div>\n\t\t<\/div>\n\t\t\t\t\t<\/div>\n\t\t<\/section>\n\t\t\t\t<section class=\"elementor-section elementor-top-section elementor-element elementor-element-20c03a6 elementor-section-stretched elementor-section-full_width elementor-section-height-default elementor-section-height-default\" data-id=\"20c03a6\" data-element_type=\"section\" data-settings=\"{&quot;stretch_section&quot;:&quot;section-stretched&quot;,&quot;background_background&quot;:&quot;classic&quot;}\">\n\t\t\t\t\t\t<div class=\"elementor-container elementor-column-gap-default\">\n\t\t\t\t\t<div class=\"elementor-column elementor-col-100 elementor-top-column elementor-element elementor-element-0cb5b71\" data-id=\"0cb5b71\" data-element_type=\"column\" data-settings=\"{&quot;background_background&quot;:&quot;classic&quot;}\">\n\t\t\t<div class=\"elementor-widget-wrap elementor-element-populated\">\n\t\t\t\t\t\t<section class=\"elementor-section elementor-inner-section elementor-element elementor-element-c6bb018 elementor-section-boxed elementor-section-height-default elementor-section-height-default\" data-id=\"c6bb018\" data-element_type=\"section\" data-settings=\"{&quot;background_background&quot;:&quot;classic&quot;}\">\n\t\t\t\t\t\t<div class=\"elementor-container elementor-column-gap-default\">\n\t\t\t\t\t<div class=\"elementor-column elementor-col-50 elementor-inner-column elementor-element elementor-element-11f36e4\" data-id=\"11f36e4\" data-element_type=\"column\">\n\t\t\t<div class=\"elementor-widget-wrap elementor-element-populated\">\n\t\t\t\t\t\t<div class=\"elementor-element elementor-element-39045e2 elementor-position-left elementor-vertical-align-top elementor-widget elementor-widget-image-box\" data-id=\"39045e2\" data-element_type=\"widget\" data-widget_type=\"image-box.default\">\n\t\t\t\t<div class=\"elementor-widget-container\">\n\t\t\t<div class=\"elementor-image-box-wrapper\"><figure class=\"elementor-image-box-img\"><a href=\"https:\/\/zenex.fi\/tuki\/index.php\/mastercam-tukisivu\" tabindex=\"-1\"><img decoding=\"async\" width=\"357\" height=\"358\" src=\"https:\/\/zenex.fi\/tuki\/wp-content\/uploads\/2025\/12\/Mastercam-NEW-Icon-Red-Small-Square.png\" class=\"attachment-large size-large wp-image-2753\" alt=\"\" srcset=\"https:\/\/zenex.fi\/tuki\/wp-content\/uploads\/2025\/12\/Mastercam-NEW-Icon-Red-Small-Square.png 357w, https:\/\/zenex.fi\/tuki\/wp-content\/uploads\/2025\/12\/Mastercam-NEW-Icon-Red-Small-Square-300x300.png 300w, https:\/\/zenex.fi\/tuki\/wp-content\/uploads\/2025\/12\/Mastercam-NEW-Icon-Red-Small-Square-150x150.png 150w\" sizes=\"(max-width: 357px) 100vw, 357px\" \/><\/a><\/figure><div class=\"elementor-image-box-content\"><h3 class=\"elementor-image-box-title\"><a href=\"https:\/\/zenex.fi\/tuki\/index.php\/mastercam-tukisivu\">Mastercam asennus<\/a><\/h3><p class=\"elementor-image-box-description\">T\u00e4st\u00e4 l\u00f6yd\u00e4t kaikki Mastercam ohjelmistoon liittyv\u00e4t asennustiedostot, asennusohjeet sek\u00e4 tukiaiheet erilaisille tilanteille.<\/p><\/div><\/div>\t\t<\/div>\n\t\t\t\t<\/div>\n\t\t\t\t\t<\/div>\n\t\t<\/div>\n\t\t\t\t<div class=\"elementor-column elementor-col-50 elementor-inner-column elementor-element elementor-element-4624332\" data-id=\"4624332\" data-element_type=\"column\">\n\t\t\t<div class=\"elementor-widget-wrap elementor-element-populated\">\n\t\t\t\t\t\t<div class=\"elementor-element elementor-element-2a8465d elementor-position-left elementor-vertical-align-top elementor-widget elementor-widget-image-box\" data-id=\"2a8465d\" data-element_type=\"widget\" data-widget_type=\"image-box.default\">\n\t\t\t\t<div class=\"elementor-widget-container\">\n\t\t\t<div class=\"elementor-image-box-wrapper\"><figure class=\"elementor-image-box-img\"><a href=\"https:\/\/zenex.fi\/tuki\/index.php\/mathcad-tukisivu\/\" tabindex=\"-1\"><img loading=\"lazy\" decoding=\"async\" width=\"900\" height=\"900\" src=\"https:\/\/zenex.fi\/tuki\/wp-content\/uploads\/2019\/01\/ptc-mathcad.jpg\" class=\"attachment-full size-full wp-image-850\" alt=\"\" srcset=\"https:\/\/zenex.fi\/tuki\/wp-content\/uploads\/2019\/01\/ptc-mathcad.jpg 900w, https:\/\/zenex.fi\/tuki\/wp-content\/uploads\/2019\/01\/ptc-mathcad-150x150.jpg 150w, https:\/\/zenex.fi\/tuki\/wp-content\/uploads\/2019\/01\/ptc-mathcad-300x300.jpg 300w, https:\/\/zenex.fi\/tuki\/wp-content\/uploads\/2019\/01\/ptc-mathcad-768x768.jpg 768w\" sizes=\"(max-width: 900px) 100vw, 900px\" \/><\/a><\/figure><div class=\"elementor-image-box-content\"><h3 class=\"elementor-image-box-title\"><a href=\"https:\/\/zenex.fi\/tuki\/index.php\/mathcad-tukisivu\/\">Mathcad asennus<\/a><\/h3><p class=\"elementor-image-box-description\">T\u00e4st\u00e4 l\u00f6yd\u00e4t kaikki Mathcad ohjelmistoon liittyv\u00e4t asennustiedostot, asennusohjeet sek\u00e4 tukiaiheet erilaisille tilanteille.<\/p><\/div><\/div>\t\t<\/div>\n\t\t\t\t<\/div>\n\t\t\t\t\t<\/div>\n\t\t<\/div>\n\t\t\t\t\t<\/div>\n\t\t<\/section>\n\t\t\t\t<section class=\"elementor-section elementor-inner-section elementor-element elementor-element-f9473c5 elementor-section-boxed elementor-section-height-default elementor-section-height-default\" data-id=\"f9473c5\" data-element_type=\"section\">\n\t\t\t\t\t\t<div class=\"elementor-container elementor-column-gap-default\">\n\t\t\t\t\t<div class=\"elementor-column elementor-col-50 elementor-inner-column elementor-element elementor-element-2803f99\" data-id=\"2803f99\" data-element_type=\"column\">\n\t\t\t<div class=\"elementor-widget-wrap elementor-element-populated\">\n\t\t\t\t\t\t<div class=\"elementor-element elementor-element-c9f0ba0 elementor-position-left elementor-vertical-align-top elementor-widget elementor-widget-image-box\" data-id=\"c9f0ba0\" data-element_type=\"widget\" data-widget_type=\"image-box.default\">\n\t\t\t\t<div class=\"elementor-widget-container\">\n\t\t\t<div class=\"elementor-image-box-wrapper\"><figure class=\"elementor-image-box-img\"><a href=\"https:\/\/zenex.fi\/tuki\/index.php\/robotmaster-tukisivu\/\" tabindex=\"-1\"><img loading=\"lazy\" decoding=\"async\" width=\"225\" height=\"225\" src=\"https:\/\/zenex.fi\/tuki\/wp-content\/uploads\/2019\/01\/robotmaster.jpg\" class=\"attachment-full size-full wp-image-853\" alt=\"\" srcset=\"https:\/\/zenex.fi\/tuki\/wp-content\/uploads\/2019\/01\/robotmaster.jpg 225w, https:\/\/zenex.fi\/tuki\/wp-content\/uploads\/2019\/01\/robotmaster-150x150.jpg 150w\" sizes=\"(max-width: 225px) 100vw, 225px\" \/><\/a><\/figure><div class=\"elementor-image-box-content\"><h3 class=\"elementor-image-box-title\"><a href=\"https:\/\/zenex.fi\/tuki\/index.php\/robotmaster-tukisivu\/\">Robotmaster asennus<\/a><\/h3><p class=\"elementor-image-box-description\">T\u00e4st\u00e4 l\u00f6yd\u00e4t kaikki Robotmaster ohjelmistoon liittyv\u00e4t asennustiedostot, asennusohjeet sek\u00e4 tukiaiheet erilaisille tilanteille.<\/p><\/div><\/div>\t\t<\/div>\n\t\t\t\t<\/div>\n\t\t\t\t\t<\/div>\n\t\t<\/div>\n\t\t\t\t<div class=\"elementor-column elementor-col-50 elementor-inner-column elementor-element elementor-element-9bb24c9\" data-id=\"9bb24c9\" data-element_type=\"column\">\n\t\t\t<div class=\"elementor-widget-wrap elementor-element-populated\">\n\t\t\t\t\t\t<div class=\"elementor-element elementor-element-3cbd212 elementor-position-left elementor-vertical-align-top elementor-widget elementor-widget-image-box\" data-id=\"3cbd212\" data-element_type=\"widget\" data-widget_type=\"image-box.default\">\n\t\t\t\t<div class=\"elementor-widget-container\">\n\t\t\t<div class=\"elementor-image-box-wrapper\"><figure class=\"elementor-image-box-img\"><a href=\"http:\/\/zenex.fi\/tuki\/index.php\/keycreator-tukisivu\/\" tabindex=\"-1\"><img loading=\"lazy\" decoding=\"async\" width=\"250\" height=\"250\" src=\"https:\/\/zenex.fi\/tuki\/wp-content\/uploads\/2019\/01\/keycreator-tuote-logo-3.png\" class=\"attachment-full size-full wp-image-855\" alt=\"\" srcset=\"https:\/\/zenex.fi\/tuki\/wp-content\/uploads\/2019\/01\/keycreator-tuote-logo-3.png 250w, https:\/\/zenex.fi\/tuki\/wp-content\/uploads\/2019\/01\/keycreator-tuote-logo-3-150x150.png 150w\" sizes=\"(max-width: 250px) 100vw, 250px\" \/><\/a><\/figure><div class=\"elementor-image-box-content\"><h3 class=\"elementor-image-box-title\"><a href=\"http:\/\/zenex.fi\/tuki\/index.php\/keycreator-tukisivu\/\">KeyCreator asennus<\/a><\/h3><p class=\"elementor-image-box-description\">T\u00e4st\u00e4 l\u00f6yd\u00e4t kaikki KeyCreator ohjelmistoon liittyv\u00e4t asennustiedostot, asennusohjeet sek\u00e4 tukiaiheet erilaisille tilanteille.<\/p><\/div><\/div>\t\t<\/div>\n\t\t\t\t<\/div>\n\t\t\t\t\t<\/div>\n\t\t<\/div>\n\t\t\t\t\t<\/div>\n\t\t<\/section>\n\t\t\t\t\t<\/div>\n\t\t<\/div>\n\t\t\t\t\t<\/div>\n\t\t<\/section>\n\t\t\t\t<section class=\"elementor-section elementor-top-section elementor-element elementor-element-d628d79 elementor-section-stretched elementor-section-boxed elementor-section-height-default elementor-section-height-default\" data-id=\"d628d79\" data-element_type=\"section\" id=\"kysy\" data-settings=\"{&quot;stretch_section&quot;:&quot;section-stretched&quot;}\">\n\t\t\t\t\t\t<div class=\"elementor-container elementor-column-gap-default\">\n\t\t\t\t\t<div class=\"elementor-column elementor-col-100 elementor-top-column elementor-element elementor-element-10342f4\" data-id=\"10342f4\" data-element_type=\"column\">\n\t\t\t<div class=\"elementor-widget-wrap elementor-element-populated\">\n\t\t\t\t\t\t<div class=\"elementor-element elementor-element-a1aa1f7 elementor-widget-divider--view-line elementor-widget elementor-widget-divider\" data-id=\"a1aa1f7\" data-element_type=\"widget\" data-widget_type=\"divider.default\">\n\t\t\t\t<div class=\"elementor-widget-container\">\n\t\t\t\t\t<div class=\"elementor-divider\">\n\t\t\t<span class=\"elementor-divider-separator\">\n\t\t\t\t\t\t<\/span>\n\t\t<\/div>\n\t\t\t\t<\/div>\n\t\t\t\t<\/div>\n\t\t\t\t<div class=\"elementor-element elementor-element-8c430e9 elementor-position-left elementor-view-default elementor-mobile-position-top elementor-vertical-align-top elementor-widget elementor-widget-icon-box\" data-id=\"8c430e9\" data-element_type=\"widget\" data-widget_type=\"icon-box.default\">\n\t\t\t\t<div class=\"elementor-widget-container\">\n\t\t\t\t\t<div class=\"elementor-icon-box-wrapper\">\n\n\t\t\t\t\t\t<div class=\"elementor-icon-box-icon\">\n\t\t\t\t<span  class=\"elementor-icon elementor-animation-\">\n\t\t\t\t<i class=\"fa fa-commenting-o\" aria-hidden=\"true\"><\/i>\t\t\t\t<\/span>\n\t\t\t<\/div>\n\t\t\t\n\t\t\t\t\t\t<div class=\"elementor-icon-box-content\">\n\n\t\t\t\t\t\t\t\t\t<h3 class=\"elementor-icon-box-title\">\n\t\t\t\t\t\t<span  >\n\t\t\t\t\t\t\tKysy asiantuntijalta apua ongelmiin!\t\t\t\t\t\t<\/span>\n\t\t\t\t\t<\/h3>\n\t\t\t\t\n\t\t\t\t\t\t\t\t\t<p class=\"elementor-icon-box-description\">\n\t\t\t\t\t\tJos olet ep\u00e4varma jostain ja kaipaat neuvoja ota huoletta yhteytt\u00e4 meid\u00e4n tekniseen tukeen.\t\t\t\t\t<\/p>\n\t\t\t\t\n\t\t\t<\/div>\n\t\t\t\n\t\t<\/div>\n\t\t\t\t<\/div>\n\t\t\t\t<\/div>\n\t\t\t\t\t<\/div>\n\t\t<\/div>\n\t\t\t\t\t<\/div>\n\t\t<\/section>\n\t\t\t\t<section class=\"elementor-section elementor-top-section elementor-element elementor-element-3842aa9 elementor-section-stretched elementor-section-boxed elementor-section-height-default elementor-section-height-default\" data-id=\"3842aa9\" data-element_type=\"section\" data-settings=\"{&quot;stretch_section&quot;:&quot;section-stretched&quot;}\">\n\t\t\t\t\t\t<div class=\"elementor-container elementor-column-gap-default\">\n\t\t\t\t\t<div class=\"elementor-column elementor-col-100 elementor-top-column elementor-element elementor-element-ad24f87\" data-id=\"ad24f87\" data-element_type=\"column\">\n\t\t\t<div class=\"elementor-widget-wrap elementor-element-populated\">\n\t\t\t\t\t\t<div class=\"elementor-element elementor-element-e9fbcd4 elementor-align-center elementor-widget elementor-widget-button\" data-id=\"e9fbcd4\" data-element_type=\"widget\" data-widget_type=\"button.default\">\n\t\t\t\t<div class=\"elementor-widget-container\">\n\t\t\t\t\t<div class=\"elementor-button-wrapper\">\n\t\t\t<a class=\"elementor-button elementor-button-link elementor-size-lg\" href=\"https:\/\/static.zdassets.com\/web_widget\/latest\/liveChat.html?v=10#key=zenexhelp.zendesk.com\" target=\"_blank\">\n\t\t\t\t\t\t<span class=\"elementor-button-content-wrapper\">\n\t\t\t\t\t\t\t\t\t<span class=\"elementor-button-text\">Avaa keskustelu asiantuntijan kanssa<\/span>\n\t\t\t\t\t<\/span>\n\t\t\t\t\t<\/a>\n\t\t<\/div>\n\t\t\t\t<\/div>\n\t\t\t\t<\/div>\n\t\t\t\t\t<\/div>\n\t\t<\/div>\n\t\t\t\t\t<\/div>\n\t\t<\/section>\n\t\t\t\t<section class=\"elementor-section elementor-top-section elementor-element elementor-element-b28aafa elementor-section-stretched elementor-section-boxed elementor-section-height-default elementor-section-height-default\" data-id=\"b28aafa\" data-element_type=\"section\" data-settings=\"{&quot;stretch_section&quot;:&quot;section-stretched&quot;}\">\n\t\t\t\t\t\t<div class=\"elementor-container elementor-column-gap-default\">\n\t\t\t\t\t<div class=\"elementor-column elementor-col-100 elementor-top-column elementor-element elementor-element-c46e9a1\" data-id=\"c46e9a1\" data-element_type=\"column\">\n\t\t\t<div class=\"elementor-widget-wrap elementor-element-populated\">\n\t\t\t\t\t\t<div class=\"elementor-element elementor-element-82bd8fe elementor-widget-divider--view-line elementor-widget elementor-widget-divider\" data-id=\"82bd8fe\" data-element_type=\"widget\" data-widget_type=\"divider.default\">\n\t\t\t\t<div class=\"elementor-widget-container\">\n\t\t\t\t\t<div class=\"elementor-divider\">\n\t\t\t<span class=\"elementor-divider-separator\">\n\t\t\t\t\t\t<\/span>\n\t\t<\/div>\n\t\t\t\t<\/div>\n\t\t\t\t<\/div>\n\t\t\t\t<div class=\"elementor-element elementor-element-18d4cef elementor-position-right elementor-view-default elementor-mobile-position-top elementor-vertical-align-top elementor-widget elementor-widget-icon-box\" data-id=\"18d4cef\" data-element_type=\"widget\" data-widget_type=\"icon-box.default\">\n\t\t\t\t<div class=\"elementor-widget-container\">\n\t\t\t\t\t<div class=\"elementor-icon-box-wrapper\">\n\n\t\t\t\t\t\t<div class=\"elementor-icon-box-icon\">\n\t\t\t\t<span  class=\"elementor-icon elementor-animation-\">\n\t\t\t\t<i class=\"fa fa-envelope-o\" aria-hidden=\"true\"><\/i>\t\t\t\t<\/span>\n\t\t\t<\/div>\n\t\t\t\n\t\t\t\t\t\t<div class=\"elementor-icon-box-content\">\n\n\t\t\t\t\t\t\t\t\t<h3 class=\"elementor-icon-box-title\">\n\t\t\t\t\t\t<span  >\n\t\t\t\t\t\t\t...tai l\u00e4het\u00e4 meille tukipyynt\u00f6!\t\t\t\t\t\t<\/span>\n\t\t\t\t\t<\/h3>\n\t\t\t\t\n\t\t\t\t\t\t\t\t\t<p class=\"elementor-icon-box-description\">\n\t\t\t\t\t\tVoit my\u00f6s l\u00e4hett\u00e4\u00e4 meille s\u00e4hk\u00f6postilla tukipyynn\u00f6n. Viesti kirjataan meid\u00e4n j\u00e4rjestelm\u00e4\u00e4n ja asiantuntija tutkii kysymyst\u00e4 heti kuin on mahdollista. \t\t\t\t\t<\/p>\n\t\t\t\t\n\t\t\t<\/div>\n\t\t\t\n\t\t<\/div>\n\t\t\t\t<\/div>\n\t\t\t\t<\/div>\n\t\t\t\t<div class=\"elementor-element elementor-element-1010b07 elementor-widget elementor-widget-heading\" data-id=\"1010b07\" data-element_type=\"widget\" data-widget_type=\"heading.default\">\n\t\t\t\t<div class=\"elementor-widget-container\">\n\t\t\t<h2 class=\"elementor-heading-title elementor-size-default\">tuki@zenex.fi<\/h2>\t\t<\/div>\n\t\t\t\t<\/div>\n\t\t\t\t<div class=\"elementor-element elementor-element-79ac699 elementor-widget-divider--view-line elementor-widget elementor-widget-divider\" data-id=\"79ac699\" data-element_type=\"widget\" data-widget_type=\"divider.default\">\n\t\t\t\t<div class=\"elementor-widget-container\">\n\t\t\t\t\t<div class=\"elementor-divider\">\n\t\t\t<span class=\"elementor-divider-separator\">\n\t\t\t\t\t\t<\/span>\n\t\t<\/div>\n\t\t\t\t<\/div>\n\t\t\t\t<\/div>\n\t\t\t\t\t<\/div>\n\t\t<\/div>\n\t\t\t\t\t<\/div>\n\t\t<\/section>\n\t\t\t\t<section class=\"elementor-section elementor-top-section elementor-element elementor-element-1b5434e elementor-section-boxed elementor-section-height-default elementor-section-height-default\" data-id=\"1b5434e\" data-element_type=\"section\">\n\t\t\t\t\t\t<div class=\"elementor-container elementor-column-gap-default\">\n\t\t\t\t\t<div class=\"elementor-column elementor-col-100 elementor-top-column elementor-element elementor-element-d6f3e48\" data-id=\"d6f3e48\" data-element_type=\"column\">\n\t\t\t<div class=\"elementor-widget-wrap\">\n\t\t\t\t\t\t\t<\/div>\n\t\t<\/div>\n\t\t\t\t\t<\/div>\n\t\t<\/section>\n\t\t\t\t<\/div>\n\t\t","protected":false},"excerpt":{"rendered":"<p>Nyt suomenkielisen\u00e4! Siirry Mastercam 2026 lataussivustolle Mastercam asennus T\u00e4st\u00e4 l\u00f6yd\u00e4t kaikki Mastercam ohjelmistoon liittyv\u00e4t asennustiedostot, asennusohjeet sek\u00e4 tukiaiheet erilaisille tilanteille. Mathcad asennus T\u00e4st\u00e4 l\u00f6yd\u00e4t kaikki Mathcad ohjelmistoon liittyv\u00e4t asennustiedostot, asennusohjeet sek\u00e4 tukiaiheet erilaisille tilanteille. Robotmaster asennus T\u00e4st\u00e4 l\u00f6yd\u00e4t kaikki Robotmaster ohjelmistoon liittyv\u00e4t asennustiedostot, asennusohjeet sek\u00e4 tukiaiheet erilaisille tilanteille. KeyCreator asennus [&hellip;]<\/p>\n","protected":false},"author":1,"featured_media":0,"parent":0,"menu_order":0,"comment_status":"closed","ping_status":"open","template":"","meta":{"footnotes":""},"class_list":["post-2","page","type-page","status-publish","hentry"],"_links":{"self":[{"href":"https:\/\/zenex.fi\/tuki\/index.php\/wp-json\/wp\/v2\/pages\/2","targetHints":{"allow":["GET"]}}],"collection":[{"href":"https:\/\/zenex.fi\/tuki\/index.php\/wp-json\/wp\/v2\/pages"}],"about":[{"href":"https:\/\/zenex.fi\/tuki\/index.php\/wp-json\/wp\/v2\/types\/page"}],"author":[{"embeddable":true,"href":"https:\/\/zenex.fi\/tuki\/index.php\/wp-json\/wp\/v2\/users\/1"}],"replies":[{"embeddable":true,"href":"https:\/\/zenex.fi\/tuki\/index.php\/wp-json\/wp\/v2\/comments?post=2"}],"version-history":[{"count":179,"href":"https:\/\/zenex.fi\/tuki\/index.php\/wp-json\/wp\/v2\/pages\/2\/revisions"}],"predecessor-version":[{"id":2756,"href":"https:\/\/zenex.fi\/tuki\/index.php\/wp-json\/wp\/v2\/pages\/2\/revisions\/2756"}],"wp:attachment":[{"href":"https:\/\/zenex.fi\/tuki\/index.php\/wp-json\/wp\/v2\/media?parent=2"}],"curies":[{"name":"wp","href":"https:\/\/api.w.org\/{rel}","templated":true}]}}